{"id":38385,"date":"2019-09-09T17:50:07","date_gmt":"2019-09-09T15:50:07","guid":{"rendered":"https:\/\/www.samoens.com\/?page_id=38385"},"modified":"2019-09-09T17:50:12","modified_gmt":"2019-09-09T15:50:12","slug":"pro-space-videos","status":"publish","type":"page","link":"https:\/\/www.samoens.com\/nl\/pro-space\/pro-space-videos\/","title":{"rendered":"Pro Space &#8211; Video&#8217;s"},"content":{"rendered":"","protected":false},"excerpt":{"rendered":"","protected":false},"author":2,"featured_media":2195,"parent":38359,"menu_order":3,"comment_status":"closed","ping_status":"closed","template":"template_espacepro.php","meta":{"_acf_changed":false,"footnotes":""},"class_list":["post-38385","page","type-page","status-publish","hentry"],"acf":[],"yoast_head":"<!-- This site is optimized with the Yoast SEO plugin v27.4 - https:\/\/yoast.com\/product\/yoast-seo-wordpress\/ -->\n<title>Pro Space - Video&#039;s Samo\u00ebns, station de ski et village authentique en Haute-Savoie<\/title>\n<meta name=\"robots\" content=\"index, follow, max-snippet:-1, max-image-preview:large, max-video-preview:-1\" \/>\n<link rel=\"canonical\" href=\"https:\/\/www.samoens.com\/nl\/pro-space\/pro-space-videos\/\" \/>\n<meta property=\"og:locale\" content=\"nl_NL\" \/>\n<meta property=\"og:type\" content=\"article\" \/>\n<meta property=\"og:title\" content=\"Pro Space - Video&#039;s Samo\u00ebns, station de ski et village authentique en Haute-Savoie\" \/>\n<meta property=\"og:url\" content=\"https:\/\/www.samoens.com\/nl\/pro-space-videos\/\" \/>\n<meta property=\"og:site_name\" content=\"Samo\u00ebns, station de ski et village authentique en Haute-Savoie\" \/>\n<meta property=\"article:modified_time\" content=\"2019-09-09T15:50:12+00:00\" \/>\n<meta name=\"twitter:card\" content=\"summary_large_image\" \/>\n<script type=\"application\/ld+json\" class=\"yoast-schema-graph\">{\"@context\":\"https:\\\/\\\/schema.org\",\"@graph\":[{\"@type\":\"WebPage\",\"@id\":\"https:\\\/\\\/www.samoens.com\\\/nl\\\/pro-space-videos\\\/\",\"url\":\"https:\\\/\\\/www.samoens.com\\\/nl\\\/pro-space-videos\\\/\",\"name\":\"Pro Space - Video's Samo\u00ebns, station de ski et village authentique en Haute-Savoie\",\"isPartOf\":{\"@id\":\"https:\\\/\\\/www.samoens.com\\\/#website\"},\"primaryImageOfPage\":{\"@id\":\"https:\\\/\\\/www.samoens.com\\\/nl\\\/pro-space-videos\\\/#primaryimage\"},\"image\":{\"@id\":\"https:\\\/\\\/www.samoens.com\\\/nl\\\/pro-space-videos\\\/#primaryimage\"},\"thumbnailUrl\":\"https:\\\/\\\/www.samoens.com\\\/wp-content\\\/uploads\\\/2019\\\/08\\\/slide4.jpg\",\"datePublished\":\"2019-09-09T15:50:07+00:00\",\"dateModified\":\"2019-09-09T15:50:12+00:00\",\"breadcrumb\":{\"@id\":\"https:\\\/\\\/www.samoens.com\\\/nl\\\/pro-space-videos\\\/#breadcrumb\"},\"inLanguage\":\"nl-NL\",\"potentialAction\":[{\"@type\":\"ReadAction\",\"target\":[\"https:\\\/\\\/www.samoens.com\\\/nl\\\/pro-space-videos\\\/\"]}]},{\"@type\":\"ImageObject\",\"inLanguage\":\"nl-NL\",\"@id\":\"https:\\\/\\\/www.samoens.com\\\/nl\\\/pro-space-videos\\\/#primaryimage\",\"url\":\"https:\\\/\\\/www.samoens.com\\\/wp-content\\\/uploads\\\/2019\\\/08\\\/slide4.jpg\",\"contentUrl\":\"https:\\\/\\\/www.samoens.com\\\/wp-content\\\/uploads\\\/2019\\\/08\\\/slide4.jpg\",\"width\":1846,\"height\":905,\"caption\":\"Ski \u00e0 Samo\u00ebns - Grand Massif\"},{\"@type\":\"BreadcrumbList\",\"@id\":\"https:\\\/\\\/www.samoens.com\\\/nl\\\/pro-space-videos\\\/#breadcrumb\",\"itemListElement\":[{\"@type\":\"ListItem\",\"position\":1,\"name\":\"Accueil\",\"item\":\"https:\\\/\\\/www.samoens.com\\\/nl\\\/\"},{\"@type\":\"ListItem\",\"position\":2,\"name\":\"Pro Space\",\"item\":\"https:\\\/\\\/www.samoens.com\\\/nl\\\/pro-space\\\/\"},{\"@type\":\"ListItem\",\"position\":3,\"name\":\"Pro Space &#8211; Video&#8217;s\"}]},{\"@type\":\"WebSite\",\"@id\":\"https:\\\/\\\/www.samoens.com\\\/#website\",\"url\":\"https:\\\/\\\/www.samoens.com\\\/\",\"name\":\"Samo\u00ebns, station de ski et village authentique en Haute-Savoie\",\"description\":\"Nich\u00e9e au coeur du domaine skiable du Grand Massif et \u00e0 moins d&#039;1h de Gen\u00e8ve, Samo\u00ebns rendra vos vacances inoubliables en \u00e9t\u00e9 comme en hiver\",\"potentialAction\":[{\"@type\":\"SearchAction\",\"target\":{\"@type\":\"EntryPoint\",\"urlTemplate\":\"https:\\\/\\\/www.samoens.com\\\/?s={search_term_string}\"},\"query-input\":{\"@type\":\"PropertyValueSpecification\",\"valueRequired\":true,\"valueName\":\"search_term_string\"}}],\"inLanguage\":\"nl-NL\"}]}<\/script>\n<!-- \/ Yoast SEO plugin. -->","yoast_head_json":{"title":"Pro Space - Video's Samo\u00ebns, station de ski et village authentique en Haute-Savoie","robots":{"index":"index","follow":"follow","max-snippet":"max-snippet:-1","max-image-preview":"max-image-preview:large","max-video-preview":"max-video-preview:-1"},"canonical":"https:\/\/www.samoens.com\/nl\/pro-space\/pro-space-videos\/","og_locale":"nl_NL","og_type":"article","og_title":"Pro Space - Video's Samo\u00ebns, station de ski et village authentique en Haute-Savoie","og_url":"https:\/\/www.samoens.com\/nl\/pro-space-videos\/","og_site_name":"Samo\u00ebns, station de ski et village authentique en Haute-Savoie","article_modified_time":"2019-09-09T15:50:12+00:00","twitter_card":"summary_large_image","schema":{"@context":"https:\/\/schema.org","@graph":[{"@type":"WebPage","@id":"https:\/\/www.samoens.com\/nl\/pro-space-videos\/","url":"https:\/\/www.samoens.com\/nl\/pro-space-videos\/","name":"Pro Space - Video's Samo\u00ebns, station de ski et village authentique en Haute-Savoie","isPartOf":{"@id":"https:\/\/www.samoens.com\/#website"},"primaryImageOfPage":{"@id":"https:\/\/www.samoens.com\/nl\/pro-space-videos\/#primaryimage"},"image":{"@id":"https:\/\/www.samoens.com\/nl\/pro-space-videos\/#primaryimage"},"thumbnailUrl":"https:\/\/www.samoens.com\/wp-content\/uploads\/2019\/08\/slide4.jpg","datePublished":"2019-09-09T15:50:07+00:00","dateModified":"2019-09-09T15:50:12+00:00","breadcrumb":{"@id":"https:\/\/www.samoens.com\/nl\/pro-space-videos\/#breadcrumb"},"inLanguage":"nl-NL","potentialAction":[{"@type":"ReadAction","target":["https:\/\/www.samoens.com\/nl\/pro-space-videos\/"]}]},{"@type":"ImageObject","inLanguage":"nl-NL","@id":"https:\/\/www.samoens.com\/nl\/pro-space-videos\/#primaryimage","url":"https:\/\/www.samoens.com\/wp-content\/uploads\/2019\/08\/slide4.jpg","contentUrl":"https:\/\/www.samoens.com\/wp-content\/uploads\/2019\/08\/slide4.jpg","width":1846,"height":905,"caption":"Ski \u00e0 Samo\u00ebns - Grand Massif"},{"@type":"BreadcrumbList","@id":"https:\/\/www.samoens.com\/nl\/pro-space-videos\/#breadcrumb","itemListElement":[{"@type":"ListItem","position":1,"name":"Accueil","item":"https:\/\/www.samoens.com\/nl\/"},{"@type":"ListItem","position":2,"name":"Pro Space","item":"https:\/\/www.samoens.com\/nl\/pro-space\/"},{"@type":"ListItem","position":3,"name":"Pro Space &#8211; Video&#8217;s"}]},{"@type":"WebSite","@id":"https:\/\/www.samoens.com\/#website","url":"https:\/\/www.samoens.com\/","name":"Samo\u00ebns, station de ski et village authentique en Haute-Savoie","description":"Nich\u00e9e au coeur du domaine skiable du Grand Massif et \u00e0 moins d&#039;1h de Gen\u00e8ve, Samo\u00ebns rendra vos vacances inoubliables en \u00e9t\u00e9 comme en hiver","potentialAction":[{"@type":"SearchAction","target":{"@type":"EntryPoint","urlTemplate":"https:\/\/www.samoens.com\/?s={search_term_string}"},"query-input":{"@type":"PropertyValueSpecification","valueRequired":true,"valueName":"search_term_string"}}],"inLanguage":"nl-NL"}]}},"_links":{"self":[{"href":"https:\/\/www.samoens.com\/nl\/wp-json\/wp\/v2\/pages\/38385","targetHints":{"allow":["GET"]}}],"collection":[{"href":"https:\/\/www.samoens.com\/nl\/wp-json\/wp\/v2\/pages"}],"about":[{"href":"https:\/\/www.samoens.com\/nl\/wp-json\/wp\/v2\/types\/page"}],"author":[{"embeddable":true,"href":"https:\/\/www.samoens.com\/nl\/wp-json\/wp\/v2\/users\/2"}],"replies":[{"embeddable":true,"href":"https:\/\/www.samoens.com\/nl\/wp-json\/wp\/v2\/comments?post=38385"}],"version-history":[{"count":0,"href":"https:\/\/www.samoens.com\/nl\/wp-json\/wp\/v2\/pages\/38385\/revisions"}],"up":[{"embeddable":true,"href":"https:\/\/www.samoens.com\/nl\/wp-json\/wp\/v2\/pages\/38359"}],"wp:featuredmedia":[{"embeddable":true,"href":"https:\/\/www.samoens.com\/nl\/wp-json\/wp\/v2\/media\/2195"}],"wp:attachment":[{"href":"https:\/\/www.samoens.com\/nl\/wp-json\/wp\/v2\/media?parent=38385"}],"curies":[{"name":"wp","href":"https:\/\/api.w.org\/{rel}","templated":true}]}}

<!-- This site is optimized with the Yoast SEO plugin v27.4 - https://yoast.com/product/yoast-seo-wordpress/ -->
<title>Pro Space - Video&#039;s Samoëns, station de ski et village authentique en Haute-Savoie</title>
<meta name="robots" content="index, follow, max-snippet:-1, max-image-preview:large, max-video-preview:-1" />
<link rel="canonical" href="https://www.samoens.com/nl/pro-space/pro-space-videos/" />
<meta property="og:locale" content="nl_NL" />
<meta property="og:type" content="article" />
<meta property="og:title" content="Pro Space - Video&#039;s Samoëns, station de ski et village authentique en Haute-Savoie" />
<meta property="og:url" content="https://www.samoens.com/nl/pro-space-videos/" />
<meta property="og:site_name" content="Samoëns, station de ski et village authentique en Haute-Savoie" />
<meta property="article:modified_time" content="2019-09-09T15:50:12+00:00" />
<meta name="twitter:card" content="summary_large_image" />
<script type="application/ld+json" class="yoast-schema-graph">{"@context":"https:\/\/schema.org","@graph":[{"@type":"WebPage","@id":"https:\/\/www.samoens.com\/nl\/pro-space-videos\/","url":"https:\/\/www.samoens.com\/nl\/pro-space-videos\/","name":"Pro Space - Video's Samoëns, station de ski et village authentique en Haute-Savoie","isPartOf":{"@id":"https:\/\/www.samoens.com\/#website"},"primaryImageOfPage":{"@id":"https:\/\/www.samoens.com\/nl\/pro-space-videos\/#primaryimage"},"image":{"@id":"https:\/\/www.samoens.com\/nl\/pro-space-videos\/#primaryimage"},"thumbnailUrl":"https:\/\/www.samoens.com\/wp-content\/uploads\/2019\/08\/slide4.jpg","datePublished":"2019-09-09T15:50:07+00:00","dateModified":"2019-09-09T15:50:12+00:00","breadcrumb":{"@id":"https:\/\/www.samoens.com\/nl\/pro-space-videos\/#breadcrumb"},"inLanguage":"nl-NL","potentialAction":[{"@type":"ReadAction","target":["https:\/\/www.samoens.com\/nl\/pro-space-videos\/"]}]},{"@type":"ImageObject","inLanguage":"nl-NL","@id":"https:\/\/www.samoens.com\/nl\/pro-space-videos\/#primaryimage","url":"https:\/\/www.samoens.com\/wp-content\/uploads\/2019\/08\/slide4.jpg","contentUrl":"https:\/\/www.samoens.com\/wp-content\/uploads\/2019\/08\/slide4.jpg","width":1846,"height":905,"caption":"Ski à Samoëns - Grand Massif"},{"@type":"BreadcrumbList","@id":"https:\/\/www.samoens.com\/nl\/pro-space-videos\/#breadcrumb","itemListElement":[{"@type":"ListItem","position":1,"name":"Accueil","item":"https:\/\/www.samoens.com\/nl\/"},{"@type":"ListItem","position":2,"name":"Pro Space","item":"https:\/\/www.samoens.com\/nl\/pro-space\/"},{"@type":"ListItem","position":3,"name":"Pro Space &#8211; Video&#8217;s"}]},{"@type":"WebSite","@id":"https:\/\/www.samoens.com\/#website","url":"https:\/\/www.samoens.com\/","name":"Samoëns, station de ski et village authentique en Haute-Savoie","description":"Nichée au coeur du domaine skiable du Grand Massif et à moins d&#039;1h de Genève, Samoëns rendra vos vacances inoubliables en été comme en hiver","potentialAction":[{"@type":"SearchAction","target":{"@type":"EntryPoint","urlTemplate":"https:\/\/www.samoens.com\/?s={search_term_string}"},"query-input":{"@type":"PropertyValueSpecification","valueRequired":true,"valueName":"search_term_string"}}],"inLanguage":"nl-NL"}]}</script>
<!-- / Yoast SEO plugin. -->

Pro Space - Video's Samoëns, station de ski et village authentique en Haute-Savoie

Samoëns, station de ski et village authentique en Haute-Savoie

Ski à Samoëns - Grand Massif

Nichée au coeur du domaine skiable du Grand Massif et à moins d&#039;1h de Genève, Samoëns rendra vos vacances inoubliables en été comme en hiver
